{"id":529,"date":"2026-03-26T16:31:40","date_gmt":"2026-03-26T15:31:40","guid":{"rendered":"https:\/\/mentorat-handisciences.fr\/?page_id=529"},"modified":"2026-03-30T15:36:12","modified_gmt":"2026-03-30T13:36:12","slug":"inserm","status":"publish","type":"page","link":"https:\/\/mentorat-handisciences.fr\/?page_id=529","title":{"rendered":"INSERM"},"content":{"rendered":"\n<div class=\"wp-block-columns is-layout-flex wp-container-core-columns-is-layout-28f84493 wp-block-columns-is-layout-flex\">\n<div class=\"wp-block-column is-vertically-aligned-center is-layout-flow wp-block-column-is-layout-flow\" style=\"flex-basis:33.33%\">\n<p class=\"has-text-align-center\">Charg\u00e9 de recherche (CR)<\/p>\n<\/div>\n\n\n\n<div class=\"wp-block-column is-layout-flow wp-block-column-is-layout-flow\" style=\"flex-basis:66.66%\">\n<blockquote class=\"wp-block-quote is-layout-flow wp-block-quote-is-layout-flow\">\n<ul class=\"wp-block-list\">\n<li>Ouverture des inscriptions&nbsp;:&nbsp;le jeudi 2&nbsp;octobre 2025<\/li>\n\n\n\n<li>Date limite de candidature&nbsp;:&nbsp;le mardi 4&nbsp;novembre 2025&nbsp;\u2013&nbsp;17h<\/li>\n\n\n\n<li>Pr\u00e9s\u00e9lections&nbsp;:&nbsp;janvier 2026<\/li>\n\n\n\n<li>Auditions&nbsp;:&nbsp;f\u00e9vrier 2026<\/li>\n\n\n\n<li>Recrutements&nbsp;:&nbsp;\u00e0&nbsp;partir de mai&nbsp;2026<\/li>\n<\/ul>\n\n\n\n<p><a href=\"https:\/\/pro.inserm.fr\/rubriques\/nous-rejoindre\/recrutement-handicap\/contrats-pour-les-chercheurs-en-situation-de-handicap\" target=\"_blank\" rel=\"noreferrer noopener\">En savoir plus<\/a>.<\/p>\n<\/blockquote>\n<\/div>\n<\/div>\n\n\n\n<hr class=\"wp-block-separator has-alpha-channel-opacity\"\/>\n\n\n\n<div class=\"wp-block-columns is-layout-flex wp-container-core-columns-is-layout-28f84493 wp-block-columns-is-layout-flex\">\n<div class=\"wp-block-column is-vertically-aligned-center is-layout-flow wp-block-column-is-layout-flow\" style=\"flex-basis:33.33%\">\n<p class=\"has-text-align-center\">Ing\u00e9nieurs<\/p>\n\n\n\n<p class=\"has-text-align-center\">Techniciens<\/p>\n<\/div>\n\n\n\n<div class=\"wp-block-column is-layout-flow wp-block-column-is-layout-flow\" style=\"flex-basis:66.66%\">\n<blockquote class=\"wp-block-quote is-layout-flow wp-block-quote-is-layout-flow\" style=\"margin-top:0;margin-bottom:0;padding-top:var(--wp--preset--spacing--20);padding-bottom:var(--wp--preset--spacing--20)\">\n<ul class=\"wp-block-list\">\n<li>Ouverture des inscriptions : 23 f\u00e9vrier 2026<\/li>\n\n\n\n<li>Cl\u00f4ture du d\u00e9p\u00f4t des candidatures : 26 mars 2026, 17h00<\/li>\n\n\n\n<li>Pr\u00e9s\u00e9lections et auditions : Avril et mai 2026<\/li>\n\n\n\n<li>Prise de fonction : 1<sup>er<\/sup> juillet 2026<\/li>\n<\/ul>\n\n\n\n<p><a href=\"https:\/\/pro.inserm.fr\/rubriques\/nous-rejoindre\/recrutement-handicap\/contrats-pour-les-ingenieurs-et-techniciens-en-situation-de-handicap\" data-type=\"link\" data-id=\"https:\/\/pro.inserm.fr\/rubriques\/nous-rejoindre\/recrutement-handicap\/contrats-pour-les-ingenieurs-et-techniciens-en-situation-de-handicap\" target=\"_blank\" rel=\"noreferrer noopener\">En savoir plus.<\/a><\/p>\n<\/blockquote>\n<\/div>\n<\/div>\n\n\n\n<figure class=\"wp-block-image aligncenter size-full is-resized\"><img loading=\"lazy\" decoding=\"async\" width=\"314\" height=\"161\" src=\"http:\/\/mentorat-handisciences.fr\/wp-content\/uploads\/2026\/02\/Sans-titre.png\" alt=\"\" class=\"wp-image-262\" style=\"aspect-ratio:1.950402795302339;width:236px;height:auto\" srcset=\"https:\/\/mentorat-handisciences.fr\/wp-content\/uploads\/2026\/02\/Sans-titre.png 314w, https:\/\/mentorat-handisciences.fr\/wp-content\/uploads\/2026\/02\/Sans-titre-300x154.png 300w\" sizes=\"auto, (max-width: 314px) 100vw, 314px\" \/><\/figure>\n","protected":false},"excerpt":{"rendered":"<p>Charg\u00e9 de recherche (CR) En savoir plus. Ing\u00e9nieurs Techniciens En savoir plus.<\/p>\n","protected":false},"author":3,"featured_media":0,"parent":513,"menu_order":5,"comment_status":"closed","ping_status":"closed","template":"","meta":{"_EventAllDay":false,"_EventTimezone":"","_EventStartDate":"","_EventEndDate":"","_EventStartDateUTC":"","_EventEndDateUTC":"","_EventShowMap":false,"_EventShowMapLink":false,"_EventURL":"","_EventCost":"","_EventCostDescription":"","_EventCurrencySymbol":"","_EventCurrencyCode":"","_EventCurrencyPosition":"","_EventDateTimeSeparator":"","_EventTimeRangeSeparator":"","_EventOrganizerID":[],"_EventVenueID":[],"_OrganizerEmail":"","_OrganizerPhone":"","_OrganizerWebsite":"","_VenueAddress":"","_VenueCity":"","_VenueCountry":"","_VenueProvince":"","_VenueState":"","_VenueZip":"","_VenuePhone":"","_VenueURL":"","_VenueStateProvince":"","_VenueLat":"","_VenueLng":"","_VenueShowMap":false,"_VenueShowMapLink":false,"footnotes":""},"class_list":["post-529","page","type-page","status-publish","hentry"],"_links":{"self":[{"href":"https:\/\/mentorat-handisciences.fr\/index.php?rest_route=\/wp\/v2\/pages\/529","targetHints":{"allow":["GET"]}}],"collection":[{"href":"https:\/\/mentorat-handisciences.fr\/index.php?rest_route=\/wp\/v2\/pages"}],"about":[{"href":"https:\/\/mentorat-handisciences.fr\/index.php?rest_route=\/wp\/v2\/types\/page"}],"author":[{"embeddable":true,"href":"https:\/\/mentorat-handisciences.fr\/index.php?rest_route=\/wp\/v2\/users\/3"}],"replies":[{"embeddable":true,"href":"https:\/\/mentorat-handisciences.fr\/index.php?rest_route=%2Fwp%2Fv2%2Fcomments&post=529"}],"version-history":[{"count":4,"href":"https:\/\/mentorat-handisciences.fr\/index.php?rest_route=\/wp\/v2\/pages\/529\/revisions"}],"predecessor-version":[{"id":671,"href":"https:\/\/mentorat-handisciences.fr\/index.php?rest_route=\/wp\/v2\/pages\/529\/revisions\/671"}],"up":[{"embeddable":true,"href":"https:\/\/mentorat-handisciences.fr\/index.php?rest_route=\/wp\/v2\/pages\/513"}],"wp:attachment":[{"href":"https:\/\/mentorat-handisciences.fr\/index.php?rest_route=%2Fwp%2Fv2%2Fmedia&parent=529"}],"curies":[{"name":"wp","href":"https:\/\/api.w.org\/{rel}","templated":true}]}}