{"id":35,"date":"2026-02-18T09:17:36","date_gmt":"2026-02-18T08:17:36","guid":{"rendered":"https:\/\/mentorat-handisciences.fr\/?page_id=35"},"modified":"2026-03-30T15:46:59","modified_gmt":"2026-03-30T13:46:59","slug":"sinformer","status":"publish","type":"page","link":"https:\/\/mentorat-handisciences.fr\/?page_id=35","title":{"rendered":"S&rsquo;informer"},"content":{"rendered":"\n<div class=\"wp-block-buttons is-layout-flex wp-block-buttons-is-layout-flex\">\n<div class=\"wp-block-button\"><a class=\"wp-block-button__link wp-element-button\" href=\"https:\/\/mentorat-handisciences.fr\/?page_id=513\" target=\"_blank\" rel=\"noreferrer noopener\">Les proc\u00e9dures de recrutement<\/a><\/div>\n\n\n\n<div class=\"wp-block-button\"><a class=\"wp-block-button__link wp-element-button\" href=\"https:\/\/mentorat-handisciences.fr\/?page_id=143\" target=\"_blank\" rel=\"noreferrer noopener\">Accueillir une personne en situation d&rsquo;handicap<\/a><\/div>\n\n\n\n<div class=\"wp-block-button\"><a class=\"wp-block-button__link wp-element-button\" href=\"https:\/\/mentorat-handisciences.fr\/?page_id=131\" target=\"_blank\" rel=\"noreferrer noopener\">Les t\u00e9moignages<\/a><\/div>\n\n\n\n<div class=\"wp-block-button\"><a class=\"wp-block-button__link wp-element-button\" href=\"https:\/\/mentorat-handisciences.fr\/?page_id=185\" target=\"_blank\" rel=\"noreferrer noopener\">Quelques associations<\/a><\/div>\n\n\n\n<div class=\"wp-block-button\"><a class=\"wp-block-button__link wp-element-button\" href=\"https:\/\/mentorat-handisciences.fr\/?page_id=133\" target=\"_blank\" rel=\"noreferrer noopener\">Les ressources<\/a><\/div>\n<\/div>\n\n\n\n<p class=\"has-text-align-left\"><strong>Besoin d&rsquo;informations ou une question suppl\u00e9mentaire : <\/strong><br><br>Une liste de diffusion existe : <a href=\"https:\/\/framagroupes.org\/sympa\/info\/inclusion404\">https:\/\/framagroupes.org\/sympa\/info\/inclusion404<\/a><br>Inclusion404 a pour objectif de construire un espace d&rsquo;information et d&rsquo;entraide face aux obstacles que nous pouvons rencontrer dans le monde acad\u00e9mique. Cette liste de diffusion repose sur un principe de confidentialit\u00e9 des \u00e9changes, en s&rsquo;inspirant librement d&rsquo;une initiative d&rsquo;entraide entre femmes dans l&rsquo;ESR qui a choisi la discr\u00e9tion comme comme d&rsquo;action. Ne pas transmettre tout ou partie de ces \u00e9changes sur d\u2019autres mailing-lists professionnelles, militantes ou autres. Cette liste de diffusion permet la communication interne. Vous pouvez \u00e9crire directement aux membres de la liste. Vous pouvez en parler \u00e0 toute personne concern\u00e9e.<\/p>\n","protected":false},"excerpt":{"rendered":"<p>Besoin d&rsquo;informations ou une question suppl\u00e9mentaire : Une liste de diffusion existe : https:\/\/framagroupes.org\/sympa\/info\/inclusion404Inclusion404 a pour objectif de construire un espace d&rsquo;information et d&rsquo;entraide face aux obstacles que nous pouvons [&hellip;]<\/p>\n","protected":false},"author":1,"featured_media":0,"parent":0,"menu_order":6,"comment_status":"closed","ping_status":"closed","template":"page-no-title","meta":{"_EventAllDay":false,"_EventTimezone":"","_EventStartDate":"","_EventEndDate":"","_EventStartDateUTC":"","_EventEndDateUTC":"","_EventShowMap":false,"_EventShowMapLink":false,"_EventURL":"","_EventCost":"","_EventCostDescription":"","_EventCurrencySymbol":"","_EventCurrencyCode":"","_EventCurrencyPosition":"","_EventDateTimeSeparator":"","_EventTimeRangeSeparator":"","_EventOrganizerID":[],"_EventVenueID":[],"_OrganizerEmail":"","_OrganizerPhone":"","_OrganizerWebsite":"","_VenueAddress":"","_VenueCity":"","_VenueCountry":"","_VenueProvince":"","_VenueState":"","_VenueZip":"","_VenuePhone":"","_VenueURL":"","_VenueStateProvince":"","_VenueLat":"","_VenueLng":"","_VenueShowMap":false,"_VenueShowMapLink":false,"footnotes":""},"class_list":["post-35","page","type-page","status-publish","hentry"],"_links":{"self":[{"href":"https:\/\/mentorat-handisciences.fr\/index.php?rest_route=\/wp\/v2\/pages\/35","targetHints":{"allow":["GET"]}}],"collection":[{"href":"https:\/\/mentorat-handisciences.fr\/index.php?rest_route=\/wp\/v2\/pages"}],"about":[{"href":"https:\/\/mentorat-handisciences.fr\/index.php?rest_route=\/wp\/v2\/types\/page"}],"author":[{"embeddable":true,"href":"https:\/\/mentorat-handisciences.fr\/index.php?rest_route=\/wp\/v2\/users\/1"}],"replies":[{"embeddable":true,"href":"https:\/\/mentorat-handisciences.fr\/index.php?rest_route=%2Fwp%2Fv2%2Fcomments&post=35"}],"version-history":[{"count":9,"href":"https:\/\/mentorat-handisciences.fr\/index.php?rest_route=\/wp\/v2\/pages\/35\/revisions"}],"predecessor-version":[{"id":687,"href":"https:\/\/mentorat-handisciences.fr\/index.php?rest_route=\/wp\/v2\/pages\/35\/revisions\/687"}],"wp:attachment":[{"href":"https:\/\/mentorat-handisciences.fr\/index.php?rest_route=%2Fwp%2Fv2%2Fmedia&parent=35"}],"curies":[{"name":"wp","href":"https:\/\/api.w.org\/{rel}","templated":true}]}}