{"id":143,"date":"2026-02-19T12:31:12","date_gmt":"2026-02-19T11:31:12","guid":{"rendered":"https:\/\/mentorat-handisciences.fr\/?page_id=143"},"modified":"2026-03-30T15:32:29","modified_gmt":"2026-03-30T13:32:29","slug":"accueillir-une-personne-en-situation-dhandicap-dans-son-equipe","status":"publish","type":"page","link":"https:\/\/mentorat-handisciences.fr\/?page_id=143","title":{"rendered":"Comment accueillir une personne en situation de handicap dans son \u00e9quipe ?"},"content":{"rendered":"\n<hr class=\"wp-block-separator has-alpha-channel-opacity\"\/>\n\n\n\n<p>Le handicap se d\u00e9cline en six grandes familles, chacune avec ses sp\u00e9cificit\u00e9s et ses besoins. Pour les personnes non concern\u00e9es, il peut \u00eatre difficile d\u2019appr\u00e9hender les d\u00e9fis rencontr\u00e9s et les am\u00e9nagements n\u00e9cessaires. <\/p>\n\n\n\n<figure class=\"wp-block-image aligncenter size-large is-resized\"><img loading=\"lazy\" decoding=\"async\" width=\"1024\" height=\"260\" src=\"https:\/\/mentorat-handisciences.fr\/wp-content\/uploads\/2026\/02\/image-1-1024x260.png\" alt=\"Images repr\u00e9sentant les six familles de handicap: moteur, sensoriel, psychique, cognitif, mental et maladies chroniques invalidantes.\" class=\"wp-image-268\" style=\"width:1154px;height:auto\" srcset=\"https:\/\/mentorat-handisciences.fr\/wp-content\/uploads\/2026\/02\/image-1-1024x260.png 1024w, https:\/\/mentorat-handisciences.fr\/wp-content\/uploads\/2026\/02\/image-1-300x76.png 300w, https:\/\/mentorat-handisciences.fr\/wp-content\/uploads\/2026\/02\/image-1-768x195.png 768w, https:\/\/mentorat-handisciences.fr\/wp-content\/uploads\/2026\/02\/image-1-1536x390.png 1536w, https:\/\/mentorat-handisciences.fr\/wp-content\/uploads\/2026\/02\/image-1.png 1682w\" sizes=\"auto, (max-width: 1024px) 100vw, 1024px\" \/><figcaption class=\"wp-element-caption\">handicap.agriculture.gouv.fr<\/figcaption><\/figure>\n\n\n\n<p style=\"font-size:clamp(24.034px, 1.502rem + ((1vw - 3.2px) * 1.565), 40px);\"><strong>Quelques r\u00e8gles simples et efficaces<\/strong><\/p>\n\n\n\n<p style=\"font-size:clamp(18.959px, 1.185rem + ((1vw - 3.2px) * 1.082), 30px);\"><strong>Anticiper les besoins<\/strong><\/p>\n\n\n\n<p style=\"font-size:clamp(14.642px, 0.915rem + ((1vw - 3.2px) * 0.721), 22px);\">Transmettez toutes <strong>les informations utiles avant son arriv\u00e9e<\/strong> : contacts de la m\u00e9decine du travail, du r\u00e9f\u00e9rent handicap et des ressources humaines d\u00e9di\u00e9es. Cela permettra d\u2019am\u00e9nager son poste de travail d\u00e8s le premier jour.<\/p>\n\n\n\n<p style=\"font-size:clamp(18.959px, 1.185rem + ((1vw - 3.2px) * 1.082), 30px);\"><strong>Sensibiliser l\u2019\u00e9quipe<\/strong><\/p>\n\n\n\n<p style=\"font-size:clamp(14.642px, 0.915rem + ((1vw - 3.2px) * 0.721), 22px);\">Proposez une session de sensibilisation, anim\u00e9e par un\u00b7e expert\u00b7e ext\u00e9rieur\u00b7e, pour mieux comprendre le handicap concern\u00e9. Cela favorise une int\u00e9gration harmonieuse et une culture d\u2019inclusion. Il y a aussi de nombreuses ressources \u00e9crites disponibles dans notre menu d\u00e9roulant.<\/p>\n\n\n\n<p style=\"font-size:clamp(18.959px, 1.185rem + ((1vw - 3.2px) * 1.082), 30px);\"><strong>Partager des ressources<\/strong><\/p>\n\n\n\n<p>Mettre \u00e0 disposition des <strong>guides<\/strong> ou des <strong>liens<\/strong> vers des ressources sur l\u2019inclusion. On vous invite vivement \u00e0 aller visite le site de Petite mu qui propose du contenue pour sensibiliser sur les handicaps invisibles &#8212;> <a href=\"https:\/\/www.petitemu.fr\/\" target=\"_blank\" rel=\"noreferrer noopener\">https:\/\/www.petitemu.fr\/<\/a><\/p>\n\n\n\n<p style=\"font-size:clamp(18.959px, 1.185rem + ((1vw - 3.2px) * 1.082), 30px);\"><strong>Encourager le dialogue<\/strong><\/p>\n\n\n\n<p>Cr\u00e9er un espace o\u00f9 la personne peut exprimer ses besoins <strong>sans avoir \u00e0 justifier son handicap<\/strong>.<\/p>\n\n\n\n<p>Nommer un <strong>r\u00e9f\u00e9rent inclusion<\/strong> dans l\u2019\u00e9quipe pour faciliter les \u00e9changes.<\/p>\n\n\n\n<h4 class=\"wp-block-heading\" style=\"font-size:clamp(18.959px, 1.185rem + ((1vw - 3.2px) * 1.082), 30px);\"><strong><strong>Adapter les pratiques de recherche<\/strong><\/strong><\/h4>\n\n\n\n<ul class=\"wp-block-list\">\n<li>Utiliser des <strong>logiciels accessibles<\/strong> (ex : lecteurs d\u2019\u00e9cran, editeur de PDF).<\/li>\n\n\n\n<li>Rendre les <strong>documents<\/strong> (articles, pr\u00e9sentations, protocoles) compatibles avec les normes d\u2019accessibilit\u00e9 (ex : PDF balis\u00e9s, polices adapt\u00e9es).<\/li>\n\n\n\n<li>Rendre les <strong>r\u00e9unions accessibles<\/strong> : retranscription en direct, enregistrement des r\u00e9unions <\/li>\n\n\n\n<li style=\"font-size:clamp(14.642px, 0.915rem + ((1vw - 3.2px) * 0.721), 22px);\">Adapter les <strong>horaires<\/strong> ou les <strong>modalit\u00e9s de travail<\/strong> si n\u00e9cessaire (ex : t\u00e9l\u00e9travail partiel, pauses suppl\u00e9mentaires). Sur ce sujet on vous invite fortement \u00e0 lire cet articel de Marion Ink sur le crip time &#8212;&gt; ici <\/li>\n\n\n\n<li><strong>Anticiper les \u00e9ch\u00e9ances et les demandes<\/strong> : Pour une personne en situation de handicap, le temps n\u00e9cessaire pour r\u00e9aliser certaines t\u00e2ches (soumission de projets ou d\u2019articles, pr\u00e9paration de conf\u00e9rences, etc.) peut \u00eatre <strong>beaucoup plus long<\/strong>. Le stress li\u00e9 aux d\u00e9lais serr\u00e9s peut <strong>aggraver la fatigue<\/strong> et les difficult\u00e9s rencontr\u00e9es.<\/li>\n<\/ul>\n\n\n\n<figure class=\"wp-block-image aligncenter size-full has-custom-border is-style-default\" style=\"margin-right:0;margin-left:0\"><img loading=\"lazy\" decoding=\"async\" width=\"975\" height=\"408\" src=\"https:\/\/mentorat-handisciences.fr\/wp-content\/uploads\/2026\/03\/Capture-decran-du-2026-03-11-14-03-39.png\" alt=\"Extrait de BD - Une femme dit &quot;Et le fait que les scientifiques en situation de handicap peinent \u00e0 faire reconnaitre leur excellence est significatif : cela atteste que, parmi les 3 dimensions de l'excellence, toutes n'ont pas le m\u00eame poids... Alors m\u00eame qu'elles sont toutes l\u00e9gitimes. Et que cela cr\u00e9e et accentue des formes de profond mal-\u00eatre au travail...&quot;\" class=\"wp-image-381\" style=\"border-width:21px;border-top-left-radius:0px;border-top-right-radius:0px;border-bottom-left-radius:0px;border-bottom-right-radius:0px\" srcset=\"https:\/\/mentorat-handisciences.fr\/wp-content\/uploads\/2026\/03\/Capture-decran-du-2026-03-11-14-03-39.png 975w, https:\/\/mentorat-handisciences.fr\/wp-content\/uploads\/2026\/03\/Capture-decran-du-2026-03-11-14-03-39-300x126.png 300w, https:\/\/mentorat-handisciences.fr\/wp-content\/uploads\/2026\/03\/Capture-decran-du-2026-03-11-14-03-39-768x321.png 768w\" sizes=\"auto, (max-width: 975px) 100vw, 975px\" \/><\/figure>\n\n\n\n<h2 class=\"wp-block-heading\" style=\"font-size:clamp(33.419px, 2.089rem + ((1vw - 3.2px) * 2.606), 60px);\">Petit rappel utile au quotidien : <\/h2>\n\n\n\n<h3 class=\"wp-block-heading\" style=\"font-size:clamp(18.959px, 1.185rem + ((1vw - 3.2px) * 1.082), 30px);\"><strong>\ud83d\udc40 80 % des handicaps sont invisibles<\/strong><\/h3>\n\n\n\n<p>Non, on ne les voit pas.<br>Oui, ils existent quand m\u00eame.<\/p>\n\n\n\n<hr class=\"wp-block-separator has-alpha-channel-opacity\"\/>\n\n\n\n<h3 class=\"wp-block-heading\" style=\"font-size:clamp(18.959px, 1.185rem + ((1vw - 3.2px) * 1.082), 30px);\"><strong>\ud83e\udde0 Chaque cerveau fonctionne diff\u00e9remment<\/strong><\/h3>\n\n\n\n<p>Comparer les handicaps, c\u2019est comme comparer des disciplines :<br>\u00e7a n\u2019a pas beaucoup de sens\u2026 et \u00e7a finit souvent en d\u00e9bat inutile.<\/p>\n\n\n\n<p>Pas de classement, pas de comp\u00e9tition, pas de jugement.<\/p>\n\n\n\n<hr class=\"wp-block-separator has-alpha-channel-opacity\"\/>\n\n\n\n<h3 class=\"wp-block-heading\" style=\"font-size:clamp(18.959px, 1.185rem + ((1vw - 3.2px) * 1.082), 30px);\"><strong>\ud83e\udde9 Le polyhandicap n\u2019est pas un concept th\u00e9orique<\/strong><\/h3>\n\n\n\n<p>On peut cumuler plusieurs troubles.<br>Non, ce n\u2019est pas \u201cbeaucoup d\u2019un coup\u201d.<br>Oui, c\u2019est m\u00e9dicalement possible.<\/p>\n\n\n\n<hr class=\"wp-block-separator has-alpha-channel-opacity\"\/>\n\n\n\n<h3 class=\"wp-block-heading\" style=\"font-size:clamp(18.959px, 1.185rem + ((1vw - 3.2px) * 1.082), 30px);\"><strong>\u2753 La bonne question<\/strong><\/h3>\n\n\n\n<p>On \u00e9vite :<\/p>\n\n\n\n<blockquote class=\"wp-block-quote is-layout-flow wp-block-quote-is-layout-flow\">\n<p>\u201cC\u2019est quoi ton handicap ?\u201d<\/p>\n<\/blockquote>\n\n\n\n<p>On pr\u00e9f\u00e8re :<\/p>\n\n\n\n<blockquote class=\"wp-block-quote is-layout-flow wp-block-quote-is-layout-flow\">\n<p><strong>\u201cDe quoi as-tu besoin pour travailler dans de bonnes conditions ?\u201d<\/strong><\/p>\n<\/blockquote>\n\n\n\n<p>C\u2019est plus simple, plus respectueux\u2026 et plus efficace.<\/p>\n\n\n\n<hr class=\"wp-block-separator has-alpha-channel-opacity\"\/>\n\n\n\n<h3 class=\"wp-block-heading\" style=\"font-size:clamp(18.959px, 1.185rem + ((1vw - 3.2px) * 1.082), 30px);\"><strong>\ud83d\udc9b Tol\u00e9rance &amp; Empathie<\/strong><br><br>Par exemple : s\u2019endormir en s\u00e9minaire ne veut pas dire qu\u2019on s\u2019ennuie<\/h3>\n\n\n\n<p>Narcolepsie, fatigue chronique, traitement m\u00e9dical\u2026<br>Avant de conclure \u00e0 un manque de motivation, on respire et on se rappelle qu\u2019on ne conna\u00eet pas toute l\u2019histoire.<\/p>\n\n\n\n<p>M\u00eame chose pour les absences r\u00e9p\u00e9t\u00e9es, le t\u00e9l\u00e9travail et les journ\u00e9es \u00ab\u00a0courtes\u00a0\u00bb.<br>L&rsquo;inclusion commence par l&#8217;empathie.<\/p>\n\n\n\n<hr class=\"wp-block-separator has-alpha-channel-opacity\"\/>\n\n\n\n<h3 class=\"wp-block-heading\" style=\"font-size:clamp(18.959px, 1.185rem + ((1vw - 3.2px) * 1.082), 30px);\"><strong>\ud83d\udeab \u201cMoi aussi je suis un peu comme \u00e7a\u201d<\/strong><\/h3>\n\n\n\n<p>Minimiser n\u2019aide pas.<br>Non, tout le monde n\u2019est pas \u201cun peu handicap\u00e9\u201d.<br>\u00c9coutons sans comparer.<\/p>\n\n\n\n<hr class=\"wp-block-separator has-alpha-channel-opacity\"\/>\n\n\n\n<h3 class=\"wp-block-heading\" style=\"font-size:clamp(18.959px, 1.185rem + ((1vw - 3.2px) * 1.082), 30px);\">\ud83c\udf0d <strong>La mobilit\u00e9 n\u2019est pas un test de valeur scientifique<\/strong><\/h3>\n\n\n\n<p>Suivi m\u00e9dical, traitements indisponibles \u00e0 l\u2019\u00e9tranger, contraintes administratives, stress des d\u00e9m\u00e9nagements r\u00e9p\u00e9t\u00e9s\u2026<\/p>\n\n\n\n<p>L\u2019excellence acad\u00e9mique ne devrait pas d\u00e9pendre d\u2019une valise toujours pr\u00eate.<\/p>\n\n\n\n<hr class=\"wp-block-separator has-alpha-channel-opacity\"\/>\n\n\n\n<h3 class=\"wp-block-heading\" style=\"font-size:clamp(18.959px, 1.185rem + ((1vw - 3.2px) * 1.082), 30px);\"><strong>\ud83d\udcc9\ud83d\udcc8 Les capacit\u00e9s peuvent fluctuer<\/strong><\/h3>\n\n\n\n<p>Un jour au top.<br>Le lendemain au fond du seau.<br>Ce n\u2019est pas de l\u2019inconstance : c\u2019est parfois biologique.<\/p>\n\n\n\n<hr class=\"wp-block-separator has-alpha-channel-opacity\"\/>\n\n\n\n<hr class=\"wp-block-separator has-alpha-channel-opacity\"\/>\n\n\n\n<p><\/p>\n","protected":false},"excerpt":{"rendered":"<p>Le handicap se d\u00e9cline en six grandes familles, chacune avec ses sp\u00e9cificit\u00e9s et ses besoins. Pour les personnes non concern\u00e9es, il peut \u00eatre difficile d\u2019appr\u00e9hender les d\u00e9fis rencontr\u00e9s et les [&hellip;]<\/p>\n","protected":false},"author":1,"featured_media":0,"parent":35,"menu_order":1,"comment_status":"closed","ping_status":"closed","template":"","meta":{"_EventAllDay":false,"_EventTimezone":"","_EventStartDate":"","_EventEndDate":"","_EventStartDateUTC":"","_EventEndDateUTC":"","_EventShowMap":false,"_EventShowMapLink":false,"_EventURL":"","_EventCost":"","_EventCostDescription":"","_EventCurrencySymbol":"","_EventCurrencyCode":"","_EventCurrencyPosition":"","_EventDateTimeSeparator":"","_EventTimeRangeSeparator":"","_EventOrganizerID":[],"_EventVenueID":[],"_OrganizerEmail":"","_OrganizerPhone":"","_OrganizerWebsite":"","_VenueAddress":"","_VenueCity":"","_VenueCountry":"","_VenueProvince":"","_VenueState":"","_VenueZip":"","_VenuePhone":"","_VenueURL":"","_VenueStateProvince":"","_VenueLat":"","_VenueLng":"","_VenueShowMap":false,"_VenueShowMapLink":false,"footnotes":""},"class_list":["post-143","page","type-page","status-publish","hentry"],"_links":{"self":[{"href":"https:\/\/mentorat-handisciences.fr\/index.php?rest_route=\/wp\/v2\/pages\/143","targetHints":{"allow":["GET"]}}],"collection":[{"href":"https:\/\/mentorat-handisciences.fr\/index.php?rest_route=\/wp\/v2\/pages"}],"about":[{"href":"https:\/\/mentorat-handisciences.fr\/index.php?rest_route=\/wp\/v2\/types\/page"}],"author":[{"embeddable":true,"href":"https:\/\/mentorat-handisciences.fr\/index.php?rest_route=\/wp\/v2\/users\/1"}],"replies":[{"embeddable":true,"href":"https:\/\/mentorat-handisciences.fr\/index.php?rest_route=%2Fwp%2Fv2%2Fcomments&post=143"}],"version-history":[{"count":24,"href":"https:\/\/mentorat-handisciences.fr\/index.php?rest_route=\/wp\/v2\/pages\/143\/revisions"}],"predecessor-version":[{"id":665,"href":"https:\/\/mentorat-handisciences.fr\/index.php?rest_route=\/wp\/v2\/pages\/143\/revisions\/665"}],"up":[{"embeddable":true,"href":"https:\/\/mentorat-handisciences.fr\/index.php?rest_route=\/wp\/v2\/pages\/35"}],"wp:attachment":[{"href":"https:\/\/mentorat-handisciences.fr\/index.php?rest_route=%2Fwp%2Fv2%2Fmedia&parent=143"}],"curies":[{"name":"wp","href":"https:\/\/api.w.org\/{rel}","templated":true}]}}